{"id":56,"date":"2015-11-24T15:27:54","date_gmt":"2015-11-24T15:27:54","guid":{"rendered":"http:\/\/xn--patchdesignkrner-ywb.de\/?page_id=56"},"modified":"2022-10-14T17:21:03","modified_gmt":"2022-10-14T15:21:03","slug":"naehkurse","status":"publish","type":"page","link":"http:\/\/xn--patchdesignkrner-ywb.de\/?page_id=56","title":{"rendered":"N\u00e4hkurse"},"content":{"rendered":"<p>Hier finden Sie Informationen zu meinen Patchwork N\u00e4hkursen, die ich in diesem Jahr anbiete.<\/p>\n<p><img loading=\"lazy\" class=\"wp-image-1432  alignright\" src=\"http:\/\/xn--patchdesignkrner-ywb.de\/wp-content\/uploads\/2022\/10\/Paff-Crreative-Icon-2-mit-Stickmodul-neues-Modell-300x200.jpeg\" alt=\"\" width=\"318\" height=\"212\" srcset=\"http:\/\/xn--patchdesignkrner-ywb.de\/wp-content\/uploads\/2022\/10\/Paff-Crreative-Icon-2-mit-Stickmodul-neues-Modell-300x200.jpeg 300w, http:\/\/xn--patchdesignkrner-ywb.de\/wp-content\/uploads\/2022\/10\/Paff-Crreative-Icon-2-mit-Stickmodul-neues-Modell-1024x682.jpeg 1024w, http:\/\/xn--patchdesignkrner-ywb.de\/wp-content\/uploads\/2022\/10\/Paff-Crreative-Icon-2-mit-Stickmodul-neues-Modell-120x80.jpeg 120w, http:\/\/xn--patchdesignkrner-ywb.de\/wp-content\/uploads\/2022\/10\/Paff-Crreative-Icon-2-mit-Stickmodul-neues-Modell.jpeg 1200w\" sizes=\"(max-width: 318px) 100vw, 318px\" \/><\/p>\n<p>Die Patchwork-Kurse, die ich sowohl f\u00fcr Einsteiger als auch f\u00fcr Ge\u00fcbte anbiete, erstrecken sich \u00fcber einen Zeitraum von sechs bis acht Wochen.<\/p>\n<p>Die Kurse sind jeweils auf maximal 6 Teilnehmer begrenzt.<\/p>\n<hr \/>\n<p>An diesen Tagen biete ich Kurse an:<\/p>\n<ul>\n<li>Montag, Donnerstag und Freitag jeweils Vormittags von 09:30 \u2013 12:00 Uhr<\/li>\n<li>Montag und Freitag jeweils Abends von 15:00 \u2013 17:30 Uhr<\/li>\n<\/ul>\n<hr \/>\n<p><a href=\"http:\/\/xn--patchdesignkrner-ywb.de\/wp-content\/uploads\/2015\/11\/29.11.2009-7.jpg\" target=\"_blank\" rel=\"noopener\"><img loading=\"lazy\" class=\"wp-image-64 alignright\" src=\"http:\/\/xn--patchdesignkrner-ywb.de\/wp-content\/uploads\/2015\/11\/29.11.2009-7-300x199.jpg\" alt=\"29.11.2009-7\" width=\"270\" height=\"183\" \/><\/a><\/p>\n<p>Termine werden auf\u00a0Anfrage bekanntgegeben.<\/p>\n","protected":false},"excerpt":{"rendered":"<p>Hier finden Sie Informationen zu meinen Patchwork N\u00e4hkursen, die ich in diesem Jahr anbiete. Die Patchwork-Kurse, die ich sowohl f\u00fcr Einsteiger als auch f\u00fcr Ge\u00fcbte&#8230;<\/p>\n<div class=\"more-link-wrapper\"><a class=\"more-link\" href=\"http:\/\/xn--patchdesignkrner-ywb.de\/?page_id=56\">Lesen Sie weiter<span class=\"screen-reader-text\">N\u00e4hkurse<\/span><\/a><\/div>\n","protected":false},"author":1,"featured_media":0,"parent":0,"menu_order":0,"comment_status":"closed","ping_status":"closed","template":"","meta":[],"_links":{"self":[{"href":"http:\/\/xn--patchdesignkrner-ywb.de\/index.php?rest_route=\/wp\/v2\/pages\/56"}],"collection":[{"href":"http:\/\/xn--patchdesignkrner-ywb.de\/index.php?rest_route=\/wp\/v2\/pages"}],"about":[{"href":"http:\/\/xn--patchdesignkrner-ywb.de\/index.php?rest_route=\/wp\/v2\/types\/page"}],"author":[{"embeddable":true,"href":"http:\/\/xn--patchdesignkrner-ywb.de\/index.php?rest_route=\/wp\/v2\/users\/1"}],"replies":[{"embeddable":true,"href":"http:\/\/xn--patchdesignkrner-ywb.de\/index.php?rest_route=%2Fwp%2Fv2%2Fcomments&post=56"}],"version-history":[{"count":46,"href":"http:\/\/xn--patchdesignkrner-ywb.de\/index.php?rest_route=\/wp\/v2\/pages\/56\/revisions"}],"predecessor-version":[{"id":1434,"href":"http:\/\/xn--patchdesignkrner-ywb.de\/index.php?rest_route=\/wp\/v2\/pages\/56\/revisions\/1434"}],"wp:attachment":[{"href":"http:\/\/xn--patchdesignkrner-ywb.de\/index.php?rest_route=%2Fwp%2Fv2%2Fmedia&parent=56"}],"curies":[{"name":"wp","href":"https:\/\/api.w.org\/{rel}","templated":true}]}}

Nähkurse

<p>Hier finden Sie Informationen zu meinen Patchwork Nähkursen, die ich in diesem Jahr anbiete.</p>
<p><img loading="lazy" class="wp-image-1432  alignright" src="http://xn--patchdesignkrner-ywb.de/wp-content/uploads/2022/10/Paff-Crreative-Icon-2-mit-Stickmodul-neues-Modell-300x200.jpeg" alt="" width="318" height="212" srcset="http://xn--patchdesignkrner-ywb.de/wp-content/uploads/2022/10/Paff-Crreative-Icon-2-mit-Stickmodul-neues-Modell-300x200.jpeg 300w, http://xn--patchdesignkrner-ywb.de/wp-content/uploads/2022/10/Paff-Crreative-Icon-2-mit-Stickmodul-neues-Modell-1024x682.jpeg 1024w, http://xn--patchdesignkrner-ywb.de/wp-content/uploads/2022/10/Paff-Crreative-Icon-2-mit-Stickmodul-neues-Modell-120x80.jpeg 120w, http://xn--patchdesignkrner-ywb.de/wp-content/uploads/2022/10/Paff-Crreative-Icon-2-mit-Stickmodul-neues-Modell.jpeg 1200w" sizes="(max-width: 318px) 100vw, 318px" /></p>
<p>Die Patchwork-Kurse, die ich sowohl für Einsteiger als auch für Geübte anbiete, erstrecken sich über einen Zeitraum von sechs bis acht Wochen.</p>
<p>Die Kurse sind jeweils auf maximal 6 Teilnehmer begrenzt.</p>
<hr />
<p>An diesen Tagen biete ich Kurse an:</p>
<ul>
<li>Montag, Donnerstag und Freitag jeweils Vormittags von 09:30 – 12:00 Uhr</li>
<li>Montag und Freitag jeweils Abends von 15:00 – 17:30 Uhr</li>
</ul>
<hr />
<p><a href="http://xn--patchdesignkrner-ywb.de/wp-content/uploads/2015/11/29.11.2009-7.jpg" target="_blank" rel="noopener"><img loading="lazy" class="wp-image-64 alignright" src="http://xn--patchdesignkrner-ywb.de/wp-content/uploads/2015/11/29.11.2009-7-300x199.jpg" alt="29.11.2009-7" width="270" height="183" /></a></p>
<p>Termine werden auf Anfrage bekanntgegeben.</p>

<p>Hier finden Sie Informationen zu meinen Patchwork Nähkursen, die ich in diesem Jahr anbiete. Die Patchwork-Kurse, die ich sowohl für Einsteiger als auch für Geübte&#8230;</p>
<div class="more-link-wrapper"><a class="more-link" href="http://xn--patchdesignkrner-ywb.de/?page_id=56">Lesen Sie weiter<span class="screen-reader-text">Nähkurse</span></a></div>
